hat is -12 + 4 + -8 + 16 + -8?
-8
136 + -140 - (0 - 6)
2
(4 - (-2 + -3)) + -3
6
10 - (9 + -1 + -3)
5
-1 + 4 + -3 - 2
-2
Calculate (4 - 12) + -3 + 3 + 4.
-4
2 + (4 - 3) - (-5 + 7)
1
Evaluate 3 - -1 - 2 - (2 - 1).
1
What is the value of 3 + 6 + (8 - 23)?
-6
Calculate (10 + -6 - 0) + -10.
-6
Evaluate 4 + 3 + (-7 - 0).
0
Evaluate 13 - ((6 - 19) + 24).
2
Evaluate (0 + 8 - 14) + 7.
1
What is the value of 1 + (5 - (9 + 1)) + 3?
-1
-5 - (-7 + -3 + 12)
-7
Evaluate 6 - (4 + (8 + -4 - 6)).
4
Calculate 6 + (-7 - (2 - 4 - 1)).
2
(-2 - -2) + (1 - (2 - -2))
-3
Evaluate (-2 + 2 - 3) + 3 + 0.
0
Calculate 10 + 5 + -3 - (-1 - -3).
10
Calculate 0 + 0 - (-11 - (-10 - -3)).
4
4 + 13 - (17 + -2)
2
What is the value of 13 + -4 - 4 - 10?
-5
1 - (-1 - -7) - (-260 - -263)
-8
What is -4 - (1 + 5 - 10) - 6?
-6
Calculate 4 - 17 - -4 - -5.
-4
Evaluate (34 - 43) + 1 + 3.
-5
Evaluate 2 - (-1 - (-12 + 6)).
-3
Evaluate -3 - (-4 - -2 - 6).
5
What is the value of 2 - (-4 + -1 + 6) - 4?
-3
What is -5 + (6 - 8) + 4?
-3
What is the value of 2 + 0 + (-3 - 0 - 1)?
-2
Evaluate 1 + (0 + 1 - -3).
5
What is the value of (0 - 1) + 3 + -2 - 5?
-5
1 - 0 - (9 - (-9 + 16))
-1
Calculate (-4 - -7) + -7 + 1.
-3
Evaluate -17 + 1 - (2 - (-7 - -14)).
-11
What is the value of (-13 + 7 - -4) + (0 - 1)?
-3
Calculate (-5 + 3 - (6 + -5)) + 0.
-3
What is 0 + -2 - (13 - (9 - -1))?
-5
What is 2 - ((-1 + -6 - -10) + 9)?
-10
Evaluate 3 - (7 + 2 - (-4 + 9)).
-1
Evaluate (-13 - (-1 - 4)) + 11.
3
What is the value of -4 - 0 - (3 - 7)?
0
Calculate 0 + 0 + 1 + (4 - 8).
-3
What is (-4 - 5) + (-8 - -13)?
-4
What is 8 - (14 + -4 - (3 + 0))?
1
What is 11 + -10 + (0 - 5) + 0?
-4
(7 - -1) + -4 - 2
2
What is -1 + 16 + -6 + -7 - 0?
2
Calculate 5 - -1 - ((2 - 5) + 1).
8
What is -4 - -2 - ((-1 - 2) + 5)?
-4
Calculate 0 + -2 - (-1 - -3 - 7).
3
(-2 - (3 - 2) - -1) + 0
-2
Calculate -2 - ((0 - 6) + -2 + 6).
0
What is the value of -4 - -2 - (-1 - 0) - -1?
0
Calculate -5 - (-5 + (-3 - -3 - -4)).
-4
What is the value of 13 + (10 - 13) + -2?
8
Calculate 4 + 0 + (-1 - (-2 - -4)).
1
What is 1 + 4 + (4 - (5 - 0))?
4
What is the value of -2 - -1 - ((16 - 27) + 4)?
6
Evaluate -3 - (2 + 2 - 7) - -1.
1
Evaluate -15 + 17 + (1 - 5).
-2
-6 - (0 - 6) - (0 - -3)
-3
Evaluate 3 - ((-3 - (-4 - -4)) + 8).
-2
What is the value of 5 + -7 + 6 + -3?
1
Calculate -5 - (-9 + 7 - 0).
-3
-236 + 234 + 7 + -1 + 3
7
What is 3 + 5 + -3 + (0 - 2)?
3
-4 + (20 - 8 - 5 - 7)
-4
What is the value of -2 + (-2 + 4 - -2) - -3?
5
What is the value of 0 + -6 + 1 + 4?
-1
What is -3 + 3 + -5 - (-5 - 6)?
6
Evaluate -7 + (-4 - -3) + 5.
-3
What is the value of (3 - 3) + -10 - -10?
0
What is the value of -3 + (3 - (1 + 0)) + 5?
4
What is the value of -7 + (4 - 3) + 4?
-2
What is the value of (-4 + 6 - 1 - 0) + 4?
5
Calculate 4 + -2 + 1 - (0 - -7).
-4
What is 0 + 5 + -9 + 6?
2
What is 5 + (-12 - -3) + 5?
1
(-1 - -2) + (3 - 5) + 5
4
Calculate (-1 - (0 + -4)) + (14 - 14).
3
0 - -3 - (-5 + (11 - 3))
0
Evaluate 7 - ((-7 - -7) + 1).
6
What is -1 + 2 + 1 + 2 + -4?
0
What is the value of 0 - (2 - 5) - 1?
2
Calculate -29 + 26 - ((1 - 4) + -2).
2
Calculate 4 + 1 - (8 - (1 - -3)).
1
Evaluate 1 + 3 + -15 + 11.
0
What is the value of (0 - 2) + 3 - (-3 + 5)?
-1
What is the value of -4 + (3 - (2 - 2))?
-1
0 - 7 - (0 + -2)
-5
Evaluate -36 + 31 - (-3 - -1).
-3
Calculate 3 - (5 + -2 + (-2 - -5)).
-3
What is the value of 2 + -5 - ((3 - 9) + 0)?
3
-248 + 241 - (1 + (-5 - 1))
-2
What is -15 + 12 + (1 - -4)?
2
-2 + (-3 - (1 - (1 - 0)))
-5
What is 16 + -7 + (3 - 1 - 7)?
4
What is the value of (2 - 2) + (3 - (3 + -1))?
1
0 + 3 + (2 - 9)
-4
-2 - (-6 - (5 - 4))
5
-3 + 0 - (6 - 23) - 7
7
What is the value of (7 + 0 - 18) + 8?
-3
Evaluate (-3 - -8) + -4 - (-4 - -2).
3
What is (-1 - -5) + (4 - (-4 - -12))?
0
Evaluate (-18 - -13) + 16 + -21.
-10
What is the value of -3 + 2 + -34 + 40 + 5?
10
What is (2 - 10) + -6 + 14 + -8?
-8
What is the value of 7 - (25 - 8 - 10)?
0
(4 - (-6 - (-7 + 5))) + 0
8
0 - ((3 - 3) + 3 + 0)
-3
Evaluate (1 + 0 - (-9 - -9)) + -1.
0
Calculate -2 + 2 + -6 + 3.
-3
Evaluate -1 + (5 - (2 + -4 + 4)).
2
Calculate -3 + (-1 - (5 - 6)).
-3
What is the value of (-6 + (-2 - -13) - 7) + 2?
0
Evaluate (-3 - 4 - -7) + -1.
-1
What is -4 + (4 + -1 - (15 - 14))?
-2
-8 - (-9 + -5) - 10
-4
What is (-4 - -2) + 0 - (2 + -4)?
0
Evaluate -6 - 1 - (-5 - -6).
-8
-1 - (-2 - 1) - 7
-5
What is the value of 4 + (-13 - -1) + 15 + 2?
9
What is the value of -9 - ((-13 - -4) + 4 + 1)?
-5
What is ((2 - 0) + 0 - 0) + 0?
2
What is the value of 2 + -7 - -3 - 3?
-5
What is -6 - ((9 - 9) + -3)?
-3
What is the value of 3 + 1 + -12 + (-7 - -10)?
-5
Evaluate -7 + 10 - (0 - 1).
4
Calculate 4 + (0 - 5) + 6.
5
Calculate 1 - (-1 + (1 - -3)).
-2
Evaluate -1 + 2 - -2 - (22 - 21).
2
Calculate -2 + -5 + (12 - -2).
7
Calculate 7 + (10 + -7 - 6).
4
What is 61 + -71 - (-6 - 0)?
-4
1 + 1 + (-4 - -8) + 0
6
Calculate 10 + -9 + 0 - 2.
-1
Calculate 8 - (5 - (3 + -4)).
2
What is the value of 5 + 0 + (14 - 12)?
7
What is (0 - (-1 + 6)) + (2 - 2)?
-5
Evaluate -11 - (-8 - 6) - (-1 + 5).
-1
What is the value of 4 + -8 - (1 + -1)?
-4
What is the value of (-8 - -7) + -2 + 7?
4
(-1 - -1) + 3 + (1 - 0)
4
Calculate 1 + (1 - 1) + -3 + 2.
0
What is (3 - 2 - -7) + -2?
6
Calculate -2 + -3 + 6 - 2.
-1
Calculate -3 + (2 - -14) - 6.
7
What is the value of (3 - (-8 + 0 - 2)) + -4?
9
Calculate -4 + -1 + 4 + 5.
4
What is -6 + -9 + 10 + 7?
2
Calculate 0 + 0 + (-2 - 1).
-3
Evaluate (10 - 15 - 0) + 15.
10
Calculate 4 + (-1 - -4) - (5 + 2).
0
Calculate 15 + (-32 - -16) - (-2 - 1).
2
-2 - (1 - (-2 - -4) - 2)
1
Calculate 4 + -8 - (0 - -1 - 1).
-4
Evaluate 3 + 0 + (-9 - -4) + 6.
4
Calculate 4 - (10 + -4) - (-1 - 5).
4
Evaluate -10 - (-1 - (0 + 1) - 1).
-7
What is the value of (13 - (6 - (5 - 5))) + 1?
8
Calculate -1 + (-1 - (-5 + 2)) - -3.
4
What is the value of 9 - 9 - -13 - (6 - 3)?
10
3 + (-6 - (-4 - -2))
-1
(11 - 4 - -2) + -10
-1
Calculate 5 + (3 + -5 - (6 - 4)).
1
Evaluate 1 + -4 - ((16 - 13) + -2).
-4
Calculate (5 - (-10 + 6)) + -3.
6
What is the value of -5 - (1 - -5 - (-12 - -17))?
-6
-3 + (0 - (-2 - 1 - -2))
-2
What is the value of (6 - 0) + (3 - 15)?
-6
Calculate -1 - (7 + 3) - -4.
-7
What is -3 - -9 - 4 - (-2 - 0)?
4
0 + (-3 - (-4 + (1 - -4)))
-4
What is the value of -1 - 2 - (-8 + 4)?
1
Evaluate (2 - 2 - -2) + -2.
0
What is (-11 + 1 + 3 - -3) + -1?
-5
What is the value of 0 - 1 - (15 - 18) - -3?
5
What is the value of (-1 - -7) + -37 + 36 - 7?
-2
-4 - -7 - 6 - -11
8
What is -1 + -5 - -1 - -4?
-1
What is 4 - (-13 - -8) - (4 - 2)?
7
What is the value of -16 + 17 - (4 - 9)?
6
What is the value of 2 + (-5 + 0 - -7)?
4
What is -1 - (-6 - (-6 - -1))?
0
(-14 - -2) + -93 + 95
-10
What is the value of 1 - (-5 - (4 + -1 + -7))?
2
What is the value of -3 - (-3 + 7 + -11)?
4
Evaluate -1 + (16 - (-7 + 7 + 8)).
7
Evaluate (24 + -11 - 4) + -17.
-8
What is -22 + 18 + 13 + -2?
7
What is the value of (-5 - (3 + (-5 - 0))) + 5?
2
What is the value of (-20 - (-1 + -9)) + (1 - -1)?
-8
What is the value of 4 - 1 - 4 - (-10 - -5)?
4
What is the value of (3 - 6) + 18 - 9?
6
What is the value of -5 - (-11 + 18 + -10)?
-2
Calculate -1 - (-4 + 3 + 0).
0
Calculate (-45 - -38) + (9 - 1).
1
What is the value of 1 - (-5 - -3) - (-1 + 1)?
3
What is -3 - ((0 - -2 - 11) + 6)?
0
Calculate 9 + -11 + 2 + 0.
0
Evaluate -4 - (-4 + 4) - (-5 + -2).
3
What is 1 + 1 + 2 - (-4 + 15)?
-7
Evaluate (-1 - (1 + -3)) + 2 + -2.
1
Evaluate (4 - -11) + -16 - (-1 - 9).
9
Calculate 5 - 1 - (-12 + 12).
4
(2 - 4) + 7 + -4
1
What is the value of -16 - (5 - (19 - 8))?
-10
Calculate -4 + (7 - -2 - 12).
-7
Calculate 12 + -10 - (1 - 1 - 1).
3
What is (-3 - -1) + (0 - (-1 + -1))?
0
What is -3 + -4 + 2 + 5?
0
-3 + (1 - 1) + (4 - 2)
-1
Calculate (3 - 1) + 5 + 1 + -12.
-4
What is the value of -10 + 5 + (-3 - -3) + 6?
1
What is the value of 0 + (-1 - 0 - (-9 + 7))?
1
What is (-1 - 5) + -2 + 6?
-2
What is the value of -2 - 1 - ((0 - 4) + -2)?
3
What is the value of 2 - 1 - (-3 - 0) - 2?
2
-3 - -2 - (137 + -129)
-9
What is the value of 2 + 0 + 0 + -6 + 3?
-1
What is the value of -6 - ((2 - (-8 + 9)) + -7)?
0
Calculate -6 + 0 + (11 - (2 - -10)).
-7
Calculate (-6 - (-8 + 5 + -4)) + 2.
3
Evaluate 2 + -1 + (1 - -1).
3
Calculate -7 + 10 + (-2 - -3 - 2).
2
What is the value of -11 + 6 + -3 + 14?
6
Evaluate (-1 - -4) + 2 + 